{"id":277,"date":"2026-05-12T19:22:49","date_gmt":"2026-05-12T18:22:49","guid":{"rendered":"https:\/\/finanzashibridas.com\/?page_id=277"},"modified":"2026-05-12T19:22:49","modified_gmt":"2026-05-12T18:22:49","slug":"aviso-legal","status":"publish","type":"page","link":"https:\/\/finanzashibridas.com\/?page_id=277","title":{"rendered":"Aviso Legal"},"content":{"rendered":"\n<h2 class=\"wp-block-heading\">01Datos Identificativos del Titular<\/h2>\n\n\n\n<p>En cumplimiento con el deber de informaci\u00f3n recogido en el art\u00edculo 10 de la Ley 34\/2002, de 11 de julio, de Servicios de la Sociedad de la Informaci\u00f3n y de Comercio Electr\u00f3nico (LSSI-CE), te informamos de los datos identificativos del titular de este sitio web:<\/p>\n\n\n\n<p><strong>Denominaci\u00f3n:<\/strong>\u00a0Finanzas H\u00edbridas<br><strong>Correo electr\u00f3nico:finanzashibridas1@gmail.com<\/strong><br><strong>Sitio web:<\/strong>\u00a0www.finanzashibridas.com<\/p>\n\n\n\n<h2 class=\"wp-block-heading\">02Objeto y \u00c1mbito de Aplicaci\u00f3n<\/h2>\n\n\n\n<p>El presente Aviso Legal regula el acceso y la utilizaci\u00f3n del sitio web&nbsp;<strong>www.finanzashibridas.com<\/strong>&nbsp;(en adelante, \u00abel Sitio Web\u00bb), titularidad de Finanzas H\u00edbridas.<\/p>\n\n\n\n<p>El acceso y uso del Sitio Web implica la aceptaci\u00f3n plena y sin reservas de todas las condiciones establecidas en este Aviso Legal. Si no est\u00e1s de acuerdo con ellas, te rogamos que abandones el Sitio Web.<\/p>\n\n\n\n<h2 class=\"wp-block-heading\">03Car\u00e1cter Informativo del Contenido<\/h2>\n\n\n\n<p> <strong>Aviso importante:<\/strong>\u00a0Los contenidos publicados en Finanzas H\u00edbridas tienen car\u00e1cter exclusivamente informativo y divulgativo. No constituyen asesoramiento financiero, fiscal, jur\u00eddico ni de inversi\u00f3n. Antes de tomar cualquier decisi\u00f3n econ\u00f3mica o financiera, te recomendamos consultar con un profesional cualificado.<\/p>\n\n\n\n<p>Finanzas H\u00edbridas no se hace responsable de las p\u00e9rdidas o perjuicios que puedan derivarse de decisiones tomadas en base a la informaci\u00f3n publicada en este sitio web.<\/p>\n\n\n\n<h2 class=\"wp-block-heading\">04Propiedad Intelectual e Industrial<\/h2>\n\n\n\n<p>Todos los contenidos del Sitio Web \u2014incluyendo, sin limitaci\u00f3n, textos, art\u00edculos, im\u00e1genes, logotipos, gr\u00e1ficos, dise\u00f1o, c\u00f3digo fuente y estructura\u2014 son propiedad de Finanzas H\u00edbridas o de terceros que han autorizado su uso, y est\u00e1n protegidos por las leyes vigentes en materia de propiedad intelectual e industrial.<\/p>\n\n\n\n<p>Queda expresamente prohibido:<\/p>\n\n\n\n<ul class=\"wp-block-list\">\n<li>Reproducir, distribuir o comunicar p\u00fablicamente cualquier contenido del Sitio Web sin autorizaci\u00f3n previa y por escrito.<\/li>\n\n\n\n<li>Modificar, transformar o crear obras derivadas a partir de los contenidos.<\/li>\n\n\n\n<li>Utilizar los contenidos con fines comerciales sin autorizaci\u00f3n expresa.<\/li>\n<\/ul>\n\n\n\n<p>Se permite la reproducci\u00f3n parcial de contenidos para uso personal y no comercial, siempre que se cite expresamente la fuente (Finanzas H\u00edbridas) y se incluya un enlace al art\u00edculo original.<\/p>\n\n\n\n<h2 class=\"wp-block-heading\">05Responsabilidad y Exclusi\u00f3n de Garant\u00edas<\/h2>\n\n\n\n<p>Finanzas H\u00edbridas se compromete a mantener la informaci\u00f3n publicada actualizada y correcta, pero no garantiza la exactitud, completitud o vigencia de los contenidos en todo momento. Por ello:<\/p>\n\n\n\n<ul class=\"wp-block-list\">\n<li>No nos hacemos responsables de los errores u omisiones en el contenido del Sitio Web.<\/li>\n\n\n\n<li>No garantizamos la disponibilidad continua e ininterrumpida del Sitio Web.<\/li>\n\n\n\n<li>No somos responsables de los da\u00f1os derivados del uso de sitios web de terceros enlazados desde nuestro sitio.<\/li>\n\n\n\n<li>No asumimos responsabilidad por virus, malware u otros elementos da\u00f1inos que puedan afectar al equipo del usuario como consecuencia del acceso al Sitio Web.<\/li>\n<\/ul>\n\n\n\n<h2 class=\"wp-block-heading\">06Enlaces a Terceros<\/h2>\n\n\n\n<p>El Sitio Web puede contener enlaces a p\u00e1ginas web de terceros. Dichos enlaces se proporcionan \u00fanicamente con fines informativos. Finanzas H\u00edbridas no controla ni es responsable del contenido, pol\u00edticas de privacidad ni pr\u00e1cticas de los sitios web enlazados.<\/p>\n\n\n\n<p>La inclusi\u00f3n de un enlace no implica respaldo, afiliaci\u00f3n ni recomendaci\u00f3n del sitio web enlazado por parte de Finanzas H\u00edbridas.<\/p>\n\n\n\n<h2 class=\"wp-block-heading\">07Pol\u00edtica de Comentarios y Contribuciones de Usuarios<\/h2>\n\n\n\n<p>Los usuarios que publiquen comentarios o contribuciones en el Sitio Web son responsables del contenido de los mismos. Finanzas H\u00edbridas se reserva el derecho a moderar, editar o eliminar aquellos comentarios que:<\/p>\n\n\n\n<ul class=\"wp-block-list\">\n<li>Sean ofensivos, discriminatorios o contrarios a la legalidad vigente.<\/li>\n\n\n\n<li>Contengan publicidad no autorizada o spam.<\/li>\n\n\n\n<li>Vulneren derechos de terceros.<\/li>\n<\/ul>\n\n\n\n<h2 class=\"wp-block-heading\">08Legislaci\u00f3n Aplicable y Jurisdicci\u00f3n<\/h2>\n\n\n\n<p>El presente Aviso Legal se rige por la legislaci\u00f3n espa\u00f1ola vigente. Para la resoluci\u00f3n de cualquier controversia derivada del acceso o uso del Sitio Web, las partes se someten a los Juzgados y Tribunales que correspondan conforme a la normativa aplicable, sin perjuicio del fuero que pudiera corresponder al usuario en su condici\u00f3n de consumidor.<\/p>\n\n\n\n<h2 class=\"wp-block-heading\">09Modificaciones del Aviso Legal<\/h2>\n\n\n\n<p>Finanzas H\u00edbridas se reserva el derecho a modificar el presente Aviso Legal en cualquier momento. Las modificaciones entrar\u00e1n en vigor desde su publicaci\u00f3n en el Sitio Web. Te recomendamos consultarlo peri\u00f3dicamente.<\/p>\n\n\n\n<p><\/p>\n","protected":false},"excerpt":{"rendered":"<p class=\"post-excerpt\">01Datos Identificativos del Titular En cumplimiento con el deber de informaci\u00f3n recogido en el art\u00edculo 10 de la Ley 34\/2002,&#8230;<\/p>\n","protected":false},"author":1,"featured_media":280,"parent":0,"menu_order":0,"comment_status":"closed","ping_status":"closed","template":"","meta":{"footnotes":""},"class_list":["post-277","page","type-page","status-publish","has-post-thumbnail","hentry"],"_links":{"self":[{"href":"https:\/\/finanzashibridas.com\/index.php?rest_route=\/wp\/v2\/pages\/277","targetHints":{"allow":["GET"]}}],"collection":[{"href":"https:\/\/finanzashibridas.com\/index.php?rest_route=\/wp\/v2\/pages"}],"about":[{"href":"https:\/\/finanzashibridas.com\/index.php?rest_route=\/wp\/v2\/types\/page"}],"author":[{"embeddable":true,"href":"https:\/\/finanzashibridas.com\/index.php?rest_route=\/wp\/v2\/users\/1"}],"replies":[{"embeddable":true,"href":"https:\/\/finanzashibridas.com\/index.php?rest_route=%2Fwp%2Fv2%2Fcomments&post=277"}],"version-history":[{"count":3,"href":"https:\/\/finanzashibridas.com\/index.php?rest_route=\/wp\/v2\/pages\/277\/revisions"}],"predecessor-version":[{"id":281,"href":"https:\/\/finanzashibridas.com\/index.php?rest_route=\/wp\/v2\/pages\/277\/revisions\/281"}],"wp:featuredmedia":[{"embeddable":true,"href":"https:\/\/finanzashibridas.com\/index.php?rest_route=\/wp\/v2\/media\/280"}],"wp:attachment":[{"href":"https:\/\/finanzashibridas.com\/index.php?rest_route=%2Fwp%2Fv2%2Fmedia&parent=277"}],"curies":[{"name":"wp","href":"https:\/\/api.w.org\/{rel}","templated":true}]}}